{"id":1214,"date":"2026-04-19T15:04:48","date_gmt":"2026-04-19T15:04:48","guid":{"rendered":"https:\/\/www.dieautofrau.de\/home\/?page_id=1214"},"modified":"2026-04-19T15:47:48","modified_gmt":"2026-04-19T15:47:48","slug":"impressum","status":"publish","type":"page","link":"https:\/\/www.dieautofrau.de\/home\/impressum\/","title":{"rendered":"Impressum"},"content":{"rendered":"\t\t<div data-elementor-type=\"wp-page\" data-elementor-id=\"1214\" class=\"elementor elementor-1214\">\n\t\t\t\t<div class=\"elementor-element elementor-element-3ef677f e-flex e-con-boxed e-con e-parent\" data-id=\"3ef677f\" data-element_type=\"container\" data-e-type=\"container\">\n\t\t\t\t\t<div class=\"e-con-inner\">\n\t\t\t\t<div class=\"elementor-element elementor-element-66d6745 elementor-widget elementor-widget-text-editor\" data-id=\"66d6745\" data-element_type=\"widget\" data-e-type=\"widget\" data-widget_type=\"text-editor.default\">\n\t\t\t\t\t\t\t\t\t<pre>Angaben gem\u00e4\u00df \u00a7 5 TMG:<\/pre>\n<p><span style=\"font-weight: 400;\">Die Autofrau \u2013 Sachverst\u00e4ndige &amp; Auto-Kaufbegleitung f\u00fcr Frauen<\/span><\/p>\n<p><span style=\"font-weight: 400;\">Patrycja Luniak<\/span><\/p>\n<p><span style=\"font-weight: 400;\">Hammer Str. 44<\/span><\/p>\n<p><span style=\"font-weight: 400;\">40219 D\u00fcsseldorf<\/span><\/p>\n<p><span style=\"font-weight: 400;\"><br><\/span><\/p>\n<p><\/p>\n<p><b>Vertreten durch:<\/b><\/p>\n<p><span style=\"font-weight: 400;\">Patrycja Luniak<\/span><\/p>\n<p><b>Telefon: <\/b><span style=\"font-weight: 400;\">01635139203<\/span><\/p>\n<p><b>Website: <\/b><a href=\"https:\/\/www.dieautofrau.de\/home\/\"><span style=\"font-weight: 400;\">https:\/\/www.dieautofrau.de\/home\/<\/span><\/a><\/p>\n<p><b>E-Mail: <\/b><span style=\"font-weight: 400;\">dieautofrau@gmail.com<\/span><\/p>\n<p><span style=\"font-weight: 400;\"><br><\/span><\/p>\n<p><b>Umsatzsteuer-Identifikationsnummer gem\u00e4\u00df \u00a7 27 a Umsatzsteuergesetz:<\/b><\/p>\n<p><b style=\"color: rgb(248, 248, 248); font-family: Tomorrow, sans-serif; font-size: 18px; text-transform: uppercase;\"><br><\/b><\/p><p><b style=\"color: rgb(248, 248, 248); font-family: Tomorrow, sans-serif; font-size: 18px; text-transform: uppercase;\">Verantwortlich f\u00fcr den Inhalt nach \u00a7 55 Abs. 2 RStV:<\/b><\/p>\n<p><span style=\"font-weight: 400;\">Patrycja Luniak, Hammer Str. 44, 40219 D\u00fcsseldorf<\/span><\/p><p><span style=\"font-weight: 400;\"><br><\/span><\/p>\n<p><\/p>\n<h6><b>Online-Streitbeilegung (OS-Plattform):<\/b><\/h6>\n<p><span style=\"font-weight: 400;\">Die Europ\u00e4ische Kommission stellt eine Plattform zur Online-Streitbeilegung (OS) bereit: <\/span><a href=\"https:\/\/ec.europa.eu\/consumers\/odr\"><span style=\"font-weight: 400;\">https:\/\/ec.europa.eu\/consumers\/odr<\/span><\/a><\/p>\n<p><span style=\"font-weight: 400;\">Unsere E-Mail-Adresse finden Sie oben im Impressum.<\/span><\/p>\n<p><span style=\"font-weight: 400;\">Wir sind nicht bereit oder verpflichtet, an Streitbeilegungsverfahren vor einer Verbraucherschlichtungsstelle teilzunehmen.<\/span><\/p><p><span style=\"font-weight: 400;\"><br><\/span><\/p>\n<p><\/p>\n<h6><b>Haftung f\u00fcr Inhalte<\/b><\/h6>\n<p><span style=\"font-weight: 400;\">Als Diensteanbieter sind wir gem\u00e4\u00df \u00a7 7 Abs.1 TMG f\u00fcr eigene Inhalte auf diesen Seiten nach den allgemeinen Gesetzen verantwortlich. Nach \u00a7\u00a7 8 bis 10 TMG sind wir als Diensteanbieter jedoch nicht verpflichtet, \u00fcbermittelte oder gespeicherte fremde Informationen zu \u00fcberwachen oder nach Umst\u00e4nden zu forschen, die auf eine rechtswidrige T\u00e4tigkeit hinweisen.<\/span><\/p>\t\t\t\t\t\t\t\t<\/div>\n\t\t\t\t\t<\/div>\n\t\t\t\t<\/div>\n\t\t\t\t<\/div>\n\t\t","protected":false},"excerpt":{"rendered":"<p>Angaben gem\u00e4\u00df \u00a7 5 TMG: Die Autofrau \u2013 Sachverst\u00e4ndige &amp; Auto-Kaufbegleitung f\u00fcr Frauen Patrycja Luniak Hammer Str. 44 40219 D\u00fcsseldorf Vertreten durch: Patrycja Luniak Telefon: 01635139203 Website: https:\/\/www.dieautofrau.de\/home\/ E-Mail: dieautofrau@gmail.com Umsatzsteuer-Identifikationsnummer gem\u00e4\u00df \u00a7 27 a Umsatzsteuergesetz: Verantwortlich f\u00fcr den Inhalt nach \u00a7 55 Abs. 2 RStV: Patrycja Luniak, Hammer Str. 44, 40219 D\u00fcsseldorf Online-Streitbeilegung (OS-Plattform): [&hellip;]<\/p>\n","protected":false},"author":1,"featured_media":0,"parent":0,"menu_order":0,"comment_status":"closed","ping_status":"closed","template":"","meta":{"footnotes":""},"class_list":["post-1214","page","type-page","status-publish","hentry"],"_links":{"self":[{"href":"https:\/\/www.dieautofrau.de\/home\/wp-json\/wp\/v2\/pages\/1214","targetHints":{"allow":["GET"]}}],"collection":[{"href":"https:\/\/www.dieautofrau.de\/home\/wp-json\/wp\/v2\/pages"}],"about":[{"href":"https:\/\/www.dieautofrau.de\/home\/wp-json\/wp\/v2\/types\/page"}],"author":[{"embeddable":true,"href":"https:\/\/www.dieautofrau.de\/home\/wp-json\/wp\/v2\/users\/1"}],"replies":[{"embeddable":true,"href":"https:\/\/www.dieautofrau.de\/home\/wp-json\/wp\/v2\/comments?post=1214"}],"version-history":[{"count":15,"href":"https:\/\/www.dieautofrau.de\/home\/wp-json\/wp\/v2\/pages\/1214\/revisions"}],"predecessor-version":[{"id":1253,"href":"https:\/\/www.dieautofrau.de\/home\/wp-json\/wp\/v2\/pages\/1214\/revisions\/1253"}],"wp:attachment":[{"href":"https:\/\/www.dieautofrau.de\/home\/wp-json\/wp\/v2\/media?parent=1214"}],"curies":[{"name":"wp","href":"https:\/\/api.w.org\/{rel}","templated":true}]}}